{"id":45,"date":"2021-01-30T19:37:01","date_gmt":"2021-01-30T18:37:01","guid":{"rendered":"https:\/\/alicex.es\/tienda\/?post_type=product&#038;p=45"},"modified":"2024-08-18T20:46:33","modified_gmt":"2024-08-18T18:46:33","slug":"crema-de-queso","status":"publish","type":"product","link":"https:\/\/alicex.es\/tienda\/producto\/crema-de-queso\/","title":{"rendered":"Crema de queso"},"content":{"rendered":"<h4>Monodosis de crema de queso Jerecitos<\/h4>\n<p>Para untar en la tostada del desayuno, s\u00f3lo o junto con el <a href=\"http:\/\/alicex.es\/monodosis-de-tomate-natural-jerecitos\/\">tomate natural Jerecitos<\/a>. Acompa\u00f1ando a fiambres y <a href=\"https:\/\/alicex.es\/ibericos-valrey\/\">embutidos<\/a> en el bocadillo de la merienda o como una delicia en canap\u00e9s y tapas. Como puedes ver, nuestras cremas de queso blanco y <a href=\"https:\/\/alicex.es\/tienda\/producto\/monodosis-queso-azul-jerecitos-b45ca\/\">azul<\/a> se pueden utilizar de mil maneras para conseguir el mismo prop\u00f3sito final, disfrutar con cada bocado de una suave y sabrosa crema que adem\u00e1s nos aporta numerosas <a href=\"https:\/\/www.miarevista.es\/salud\/articulo\/5-motivos-para-comer-queso-671476954469\" rel=\"nofollow noopener\" target=\"_blank\">vitaminas y calcio<\/a>.<\/p>\n<p>Para todos los consumidores en general pero especialmente esta crema de queso suave est\u00e1 indicada para las personas que siguen una alimentaci\u00f3n o dieta alta en prote\u00ednas.<\/p>\n<h4><strong>Ficha T\u00e9cnica.<\/strong><\/h4>\n<p>Bandeja de cart\u00f3n cerrada con 45 monodosis de 23 gramos cada una.<\/p>\n<p>Bandeja de cart\u00f3n abierta retractilada con 18 monodosis de 23 gramos cada una.<\/p>\n<p>Monodosis de aluminio 100% reciclable esterilizadas con abre f\u00e1cil.<\/p>\n<p>Fecha de caducidad de 18 meses desde el envasado y esterilizaci\u00f3n.<\/p>\n<p>No necesita fr\u00edo, mantener en un lugar fresco y seco.<\/p>\n<p>Ingredientes: Queso: grasa vegetal (palma y girasol), queso, almid\u00f3n modificado, maltodextrina, solidos l\u00e1cteos, sal , aroma y conservador: E-202. <strong>Sin gluten<\/strong><\/p>\n<h4><strong>Valores nutricionales por 100g.<\/strong><\/h4>\n<p>Valor energ\u00e9tico\/Energy:<br \/>\n254Kcal \/ 1.062KJ<br \/>\nGrasas\/Fat: 24g<br \/>\nHidratos de carbono:\/Carbohydrate: 2.3g<br \/>\nProteinas:\/Protein: 4g<br \/>\nSal:\/Salt: 1g<\/p>\n","protected":false},"excerpt":{"rendered":"<p>Monodosis de crema de queso para desayunos o aperitivos. En bandeja de 18 o 45 unidades. Precio final, impuestos y env\u00edo inclu\u00eddos.<\/p>\n<p>Consulta toda la informaci\u00f3n de este producto m\u00e1s abajo.<\/p>\n","protected":false},"featured_media":1261,"comment_status":"open","ping_status":"closed","template":"","meta":{"site-sidebar-layout":"default","site-content-layout":"","ast-site-content-layout":"default","site-content-style":"default","site-sidebar-style":"default","ast-global-header-display":"","ast-banner-title-visibility":"","ast-main-header-display":"","ast-hfb-above-header-display":"","ast-hfb-below-header-display":"","ast-hfb-mobile-header-display":"","site-post-title":"","ast-breadcrumbs-content":"","ast-featured-img":"","footer-sml-layout":"","ast-disable-related-posts":"","theme-transparent-header-meta":"default","adv-header-id-meta":"","stick-header-meta":"","header-above-stick-meta":"","header-main-stick-meta":"","header-below-stick-meta":"","astra-migrate-meta-layouts":"set","ast-page-background-enabled":"default","ast-page-background-meta":{"desktop":{"background-color":"var(--ast-global-color-4)","background-image":"","background-repeat":"repeat","background-position":"center center","background-size":"auto","background-attachment":"scroll","background-type":"","background-media":"","overlay-type":"","overlay-color":"","overlay-opacity":"","overlay-gradient":""},"tablet":{"background-color":"","background-image":"","background-repeat":"repeat","background-position":"center center","background-size":"auto","background-attachment":"scroll","background-type":"","background-media":"","overlay-type":"","overlay-color":"","overlay-opacity":"","overlay-gradient":""},"mobile":{"background-color":"","background-image":"","background-repeat":"repeat","background-position":"center center","background-size":"auto","background-attachment":"scroll","background-type":"","background-media":"","overlay-type":"","overlay-color":"","overlay-opacity":"","overlay-gradient":""}},"ast-content-background-meta":{"desktop":{"background-color":"var(--ast-global-color-5)","background-image":"","background-repeat":"repeat","background-position":"center center","background-size":"auto","background-attachment":"scroll","background-type":"","background-media":"","overlay-type":"","overlay-color":"","overlay-opacity":"","overlay-gradient":""},"tablet":{"background-color":"var(--ast-global-color-5)","background-image":"","background-repeat":"repeat","background-position":"center center","background-size":"auto","background-attachment":"scroll","background-type":"","background-media":"","overlay-type":"","overlay-color":"","overlay-opacity":"","overlay-gradient":""},"mobile":{"background-color":"var(--ast-global-color-5)","background-image":"","background-repeat":"repeat","background-position":"center center","background-size":"auto","background-attachment":"scroll","background-type":"","background-media":"","overlay-type":"","overlay-color":"","overlay-opacity":"","overlay-gradient":""}}},"product_brand":[],"product_cat":[78],"product_tag":[18,20,112],"class_list":{"0":"post-45","1":"product","2":"type-product","3":"status-publish","4":"has-post-thumbnail","6":"product_cat-lacteos-monodosis","7":"product_tag-monodosis","8":"product_tag-jerecitos","9":"product_tag-queso","10":"product_shipping_class-envio-incluido","11":"desktop-align-left","12":"tablet-align-left","13":"mobile-align-left","15":"first","16":"instock","17":"shipping-taxable","18":"purchasable","19":"product-type-variable"},"blog_post_layout_featured_media_urls":{"thumbnail":["https:\/\/alicex.es\/tienda\/wp-content\/uploads\/2024\/08\/queso-blanco-jerecitos-v24-900px-150x150.jpg",150,150,true],"full":["https:\/\/alicex.es\/tienda\/wp-content\/uploads\/2024\/08\/queso-blanco-jerecitos-v24-900px.jpg",900,900,false]},"categories":null,"categories_names":null,"comments_number":"0","_links":{"self":[{"href":"https:\/\/alicex.es\/tienda\/wp-json\/wp\/v2\/product\/45","targetHints":{"allow":["GET"]}}],"collection":[{"href":"https:\/\/alicex.es\/tienda\/wp-json\/wp\/v2\/product"}],"about":[{"href":"https:\/\/alicex.es\/tienda\/wp-json\/wp\/v2\/types\/product"}],"replies":[{"embeddable":true,"href":"https:\/\/alicex.es\/tienda\/wp-json\/wp\/v2\/comments?post=45"}],"wp:featuredmedia":[{"embeddable":true,"href":"https:\/\/alicex.es\/tienda\/wp-json\/wp\/v2\/media\/1261"}],"wp:attachment":[{"href":"https:\/\/alicex.es\/tienda\/wp-json\/wp\/v2\/media?parent=45"}],"wp:term":[{"taxonomy":"product_brand","embeddable":true,"href":"https:\/\/alicex.es\/tienda\/wp-json\/wp\/v2\/product_brand?post=45"},{"taxonomy":"product_cat","embeddable":true,"href":"https:\/\/alicex.es\/tienda\/wp-json\/wp\/v2\/product_cat?post=45"},{"taxonomy":"product_tag","embeddable":true,"href":"https:\/\/alicex.es\/tienda\/wp-json\/wp\/v2\/product_tag?post=45"}],"curies":[{"name":"wp","href":"https:\/\/api.w.org\/{rel}","templated":true}]}}