{"id":42,"date":"2021-01-30T19:13:07","date_gmt":"2021-01-30T18:13:07","guid":{"rendered":"https:\/\/alicex.es\/tienda\/?post_type=product&#038;p=42"},"modified":"2024-08-18T21:01:41","modified_gmt":"2024-08-18T19:01:41","slug":"pate-iberico-al-pedro-ximenez","status":"publish","type":"product","link":"https:\/\/alicex.es\/tienda\/producto\/pate-iberico-al-pedro-ximenez\/","title":{"rendered":"Pat\u00e9 ib\u00e9rico al pedro xim\u00e9nez"},"content":{"rendered":"<h4>Monodosis de pat\u00e9 ib\u00e9rico al pedro xim\u00e9nez Jerecitos<\/h4>\n<p>A nuestro producto estrella, el <a href=\"https:\/\/alicex.es\/tienda\/producto\/monodosis-pate-iberico-jerecitos-b45ca\/\">pat\u00e9 ib\u00e9rico Jerecitos<\/a>, que es el m\u00e1s apreciado por los consumidores por su sabor y textura. Le hemos a\u00f1adido el sabroso <a href=\"https:\/\/www.sherry.wine\/es\/vinos-de-jerez\/vinos-dulces-naturales\/pedro-ximenez\" rel=\"nofollow noopener\" target=\"_blank\">vino Pedro Xim\u00e9nez<\/a> para obtener como resultado un delicioso pat\u00e9 con todo el sabor de la carne del cerdo ib\u00e9rico, especias naturales y el dulce aroma de este vino.<\/p>\n<p>Para untar en la tostada del desayuno, como aperitivo antes de comer o de merienda a media tarde. Nuestro pat\u00e9 ib\u00e9rico al Pedro Xim\u00e9nez es sin duda un delicioso bocado que se endulza al a\u00f1adirle el afamado caldo.<\/p>\n<h4><strong>Ficha T\u00e9cnica.<\/strong><\/h4>\n<p>Bandeja de cart\u00f3n cerrada con 45 monodosis de 23 gramos cada una.<\/p>\n<p>Bandeja de cart\u00f3n abierta retractilada con 18 monodosis de 23 gramos cada una.<\/p>\n<p>Monodosis de aluminio 100% reciclable esterilizadas con abre f\u00e1cil.<\/p>\n<p>Fecha de caducidad de 18 meses desde el envasado y esterilizaci\u00f3n.<\/p>\n<p>No necesita fr\u00edo, mantener en un lugar fresco y seco.<\/p>\n<p>Ingredientes: Tocino de cerdo ib\u00e9rico, agua, h\u00edgado de cerdo ib\u00e9rico, carne de cerdo ib\u00e9rico, sal, caseinatos, especias, leche en polvo, prote\u00edna l\u00e1ctea, lactosa, dextrosa, emulgente E-451 y E-452, conservador E-250, antioxidante E-301 y E-331i, aroma, vino al Pedro Ximenex (3,1%) (sulfitos), uva pasa. <strong>Sin gluten.<\/strong><\/p>\n<h4><strong>Valores nutricionales por 100g.<\/strong><\/h4>\n<p>Grasa (%): 26.84<br \/>\nProte\u00edna (%): 11.79<br \/>\nHumedad (%): 56.84<br \/>\nCenizas (%): 3.36<br \/>\nEnerg\u00eda (kcal\/100g): 293.37<br \/>\nEnerg\u00eda (kJ\/100g): 1226.30<br \/>\nSodio (%): 0.99<br \/>\nAz\u00facares totales (%): 0.95<br \/>\nGrasas saturadas: 39.99<br \/>\nGrasas monosaturadas: 51.72<br \/>\nGrasas poliinsaturadas: 8.27<br \/>\nHidratos de carbono (%): 1.17<\/p>\n","protected":false},"excerpt":{"rendered":"<p>Monodosis de pat\u00e9 ib\u00e9rico al Pedro Xim\u00e9nez Jerecitos para desayunos y meriendas. En bandeja de 18 o 45 unidades. Precio final, impuestos y env\u00edo inclu\u00eddos.<\/p>\n<p>Consulta toda la informaci\u00f3n de este producto m\u00e1s abajo.<\/p>\n","protected":false},"featured_media":1267,"comment_status":"open","ping_status":"closed","template":"","meta":{"site-sidebar-layout":"default","site-content-layout":"","ast-site-content-layout":"default","site-content-style":"default","site-sidebar-style":"default","ast-global-header-display":"","ast-banner-title-visibility":"","ast-main-header-display":"","ast-hfb-above-header-display":"","ast-hfb-below-header-display":"","ast-hfb-mobile-header-display":"","site-post-title":"","ast-breadcrumbs-content":"","ast-featured-img":"","footer-sml-layout":"","ast-disable-related-posts":"","theme-transparent-header-meta":"default","adv-header-id-meta":"","stick-header-meta":"","header-above-stick-meta":"","header-main-stick-meta":"","header-below-stick-meta":"","astra-migrate-meta-layouts":"set","ast-page-background-enabled":"default","ast-page-background-meta":{"desktop":{"background-color":"var(--ast-global-color-4)","background-image":"","background-repeat":"repeat","background-position":"center center","background-size":"auto","background-attachment":"scroll","background-type":"","background-media":"","overlay-type":"","overlay-color":"","overlay-opacity":"","overlay-gradient":""},"tablet":{"background-color":"","background-image":"","background-repeat":"repeat","background-position":"center center","background-size":"auto","background-attachment":"scroll","background-type":"","background-media":"","overlay-type":"","overlay-color":"","overlay-opacity":"","overlay-gradient":""},"mobile":{"background-color":"","background-image":"","background-repeat":"repeat","background-position":"center center","background-size":"auto","background-attachment":"scroll","background-type":"","background-media":"","overlay-type":"","overlay-color":"","overlay-opacity":"","overlay-gradient":""}},"ast-content-background-meta":{"desktop":{"background-color":"var(--ast-global-color-5)","background-image":"","background-repeat":"repeat","background-position":"center center","background-size":"auto","background-attachment":"scroll","background-type":"","background-media":"","overlay-type":"","overlay-color":"","overlay-opacity":"","overlay-gradient":""},"tablet":{"background-color":"var(--ast-global-color-5)","background-image":"","background-repeat":"repeat","background-position":"center center","background-size":"auto","background-attachment":"scroll","background-type":"","background-media":"","overlay-type":"","overlay-color":"","overlay-opacity":"","overlay-gradient":""},"mobile":{"background-color":"var(--ast-global-color-5)","background-image":"","background-repeat":"repeat","background-position":"center center","background-size":"auto","background-attachment":"scroll","background-type":"","background-media":"","overlay-type":"","overlay-color":"","overlay-opacity":"","overlay-gradient":""}}},"product_brand":[],"product_cat":[77],"product_tag":[18,20,108],"class_list":{"0":"post-42","1":"product","2":"type-product","3":"status-publish","4":"has-post-thumbnail","6":"product_cat-carnicos-monodosis","7":"product_tag-monodosis","8":"product_tag-jerecitos","9":"product_tag-pate-pedro-ximenez","10":"product_shipping_class-envio-incluido","11":"desktop-align-left","12":"tablet-align-left","13":"mobile-align-left","15":"first","16":"instock","17":"shipping-taxable","18":"purchasable","19":"product-type-variable"},"blog_post_layout_featured_media_urls":{"thumbnail":["https:\/\/alicex.es\/tienda\/wp-content\/uploads\/2024\/08\/pate-pedro-ximenez-jerecitos-v24-900px-150x150.jpg",150,150,true],"full":["https:\/\/alicex.es\/tienda\/wp-content\/uploads\/2024\/08\/pate-pedro-ximenez-jerecitos-v24-900px.jpg",900,900,false]},"categories":null,"categories_names":null,"comments_number":"0","_links":{"self":[{"href":"https:\/\/alicex.es\/tienda\/wp-json\/wp\/v2\/product\/42","targetHints":{"allow":["GET"]}}],"collection":[{"href":"https:\/\/alicex.es\/tienda\/wp-json\/wp\/v2\/product"}],"about":[{"href":"https:\/\/alicex.es\/tienda\/wp-json\/wp\/v2\/types\/product"}],"replies":[{"embeddable":true,"href":"https:\/\/alicex.es\/tienda\/wp-json\/wp\/v2\/comments?post=42"}],"wp:featuredmedia":[{"embeddable":true,"href":"https:\/\/alicex.es\/tienda\/wp-json\/wp\/v2\/media\/1267"}],"wp:attachment":[{"href":"https:\/\/alicex.es\/tienda\/wp-json\/wp\/v2\/media?parent=42"}],"wp:term":[{"taxonomy":"product_brand","embeddable":true,"href":"https:\/\/alicex.es\/tienda\/wp-json\/wp\/v2\/product_brand?post=42"},{"taxonomy":"product_cat","embeddable":true,"href":"https:\/\/alicex.es\/tienda\/wp-json\/wp\/v2\/product_cat?post=42"},{"taxonomy":"product_tag","embeddable":true,"href":"https:\/\/alicex.es\/tienda\/wp-json\/wp\/v2\/product_tag?post=42"}],"curies":[{"name":"wp","href":"https:\/\/api.w.org\/{rel}","templated":true}]}}